 of r.
2, 17
Let n(y) = -y**3 - 10*y**2 + 16*y - 30. Let j(u) = u + 63. Let w be j(-20). Suppose 0 = 39*t - w*t - 48. List the prime factors of n(t).
2, 3, 11
Let d(o) = o**3 + 34*o**2 - 41*o + 38. List the prime factors of d(-16).
2, 11, 241
Suppose -1758 = 5*q - 27433. List the prime factors of q.
5, 13, 79
Let a = -257 + 259. Suppose -a*q = 23*p - 26*p - 1512, -p - 755 = -q. What are the prime factors of q?
3, 251
Suppose 1 + 35 = 12*y. Suppose -3*j + 769 = y*k + 2*k, -3*k = -3*j + 753. List the prime factors of j.
11, 23
Suppose -47*h - 4*h = 2*h - 228112. What are the prime factors of h?
2, 269
Let y be 1044/(-8)*4/(-6). Suppose 2*q - 897 = y. What are the prime factors of q?
2, 3, 41
Let x(p) = -813*p + 76. What are the prime factors of x(-2)?
2, 23, 37
Suppose -6*k = -k - 20. Suppose -4*p = k*p - 9424. List the prime factors of p.
2, 19, 31
Let k = 44 + -44. Let v be (-11)/(-1 - k) - 0. Suppose -m - 2*i = -34 - v, 5*i + 126 = 2*m. List the prime factors of m.
53
List the prime factors of (-23 + 27)/(3 - (-275766)/(-91926)).
2, 3, 5107
Suppose 5*p - 2*n = 6*p - 633, -p - 3*n = -628. Suppose 0 = -4*m + 4*k + 2536, -69*m - 4*k - p = -70*m. List the prime factors of m.
631
Let q = 5067 - 3507. What are the prime factors of q?
2, 3, 5, 13
Suppose 2*z - 11152 - 6443 = -3*w, 3*z + 5*w - 26391 = 0. What are the prime factors of z?
2, 3, 163
Let g = 26 + -31. Let b be (g + 2)/(27/(-90)). Suppose b*z - 8*z = 202. List the prime factors of z.
101
Suppose 43552 = 5*y - 3*d, -2*y = -2*d - 9457 - 7967. What are the prime factors of y?
2, 7, 311
Let y = 25 + -25. Suppose 2*g - 7*g - 60 = y. Let f = g - -38. What are the prime factors of f?
2, 13
Suppose -2*m = -9*m + 35. Suppose -4 + 1 = s - 3*y, 19 = 3*s + m*y. Suppose 25 = 2*v + s. List the prime factors of v.
11
Let r = 52381 + -29653. List the prime factors of r.
2, 3, 947
What are the prime factors of (-35371)/62*(-96)/14?
2, 3, 163
Suppose -14*u + 15*u = -3187. Let y = u + 4599. What are the prime factors of y?
2, 353
Suppose 13*c - 127314 - 714785 = -28*c. List the prime factors of c.
19, 23, 47
Let i(v) = -63*v - 66. Let y(q) = -q**3 + 10*q**2 + q + 97. Let b be y(11). What are the prime factors of i(b)?
3, 251
Let s be (-27 + 0)/3*-2. Let p be 81/s*(-6)/(-3). Suppose -2*v - 539 = -p*v. List the prime factors of v.
7, 11
Suppose -168 = -50*z + 36*z. Suppose 6 = 9*r - z. List the prime factors of r.
2
Let h be (4/(-6) - -1)/((-3)/(-36)). Suppose 2*o - 800 = 4*l - 0*l, -h*l = 2*o - 816. List the prime factors of o.
2, 101
Let v be (2/2)/((-2)/(-68)*-2). What are the prime factors of 12/(-132) + -202*v/22?
2, 3, 13
Suppose 5*l - 25 = 3*p, 15 = 3*l - 5*p + 2*p. Suppose -1307 = -l*j + 288. Suppose 851 = 6*r - j. List the prime factors of r.
3, 5, 13
Suppose -113*u - 3960 = -110*u. Let z = u - -2405. List the prime factors of z.
5, 7, 31
Let c(p) = -15*p + 14*p + 3*p**2 - 1 + 82*p**2. Let k be c(-1). Suppose 21*b = 22*b - k. List the prime factors of b.
5, 17
Let r = 4 + 1. Suppose -5*h + 11 + 3 = 2*n, r*n = 5*h. Suppose -7*g + 200 = -h*g. List the prime factors of g.
2, 5
Suppose 4*w = 15*w - 176. Let y be 155/(-4)*w/(-4 + 0). Suppose -44 - y = -m. What are the prime factors of m?
199
List the prime factors of 8/10 + 59 + -53 + 109842/10.
29, 379
Let d(v) = v**3 - 45*v**2 - 52*v - 667. List the prime factors of d(48).
23, 163
Suppose -11*n + 7*n = -28. Suppose -5*b - 3*c + 3464 = 0, n*b - 6*b + 2*c - 690 = 0. Suppose 118 = -8*x + b. What are the prime factors of x?
2, 3
Let o(v) = v**2 + 21*v - 148. Let l be o(-27). Let p be 1*(3 + (-2 - 1)). Suppose -2*u + l + 12 = p. List the prime factors of u.
13
Suppose 2*j + 11177 - 67517 = 2*n, 3*j - 4*n - 84506 = 0. What are the prime factors of j?
2, 14087
Suppose 14*w + 3*w - 11373 = 0. Let f = 1044 - w. What are the prime factors of f?
3, 5
Let g be 15/(4 - 1)*-1. Let a be -1 + g/((-20)/12). List the prime factors of (-19 - 117)*(1*-1)/a.
2, 17
Let o(x) = 551*x + 5. Let h be o(1). Let v = 843 - h. What are the prime factors of v?
7, 41
Let q = -61309 + 86643. List the prime factors of q.
2, 53, 239
Let m = 59 + -55. Suppose 0 = 5*s - 5*c - 0*c - 1505, 0 = -2*s + m*c + 600. Let g = s + -127. What are the prime factors of g?
5, 7
Let x = 81 + -78. Let a(d) = 3 - d**2 - 12*d**x + 2*d + d + 5*d**2 + d**2. List the prime factors of a(-2).
113
Let j(m) = -m**2 + 33*m - 171. Let o be j(8). Let d be 71*((-4)/(-2))/2. Let a = o + d. List the prime factors of a.
2, 5
Let t be (-1 + 7)/(10/60). Suppose 0*v + 4*s - t = v, -4*s = 5*v + 60. Let g = 28 + v. What are the prime factors of g?
2, 3
Suppose 7*l = -226 + 366. Let r = l + 60. List the prime factors of r.
2, 5
Suppose 8*j - 17134 = 18434. List the prime factors of j.
2, 3, 13, 19
Let k(c) = 2*c**2 - 8*c. Let h be k(4). Suppose 3*q - 726 = -2*g + 777, -4*g + q + 3027 = h. What are the prime factors of g?
2, 3, 7
List the prime factors of ((-40)/(-148))/5 + 63648949/6253.
3, 13, 29
Suppose 14*u - 66 = 4. Suppose -306 = u*p - 4551. What are the prime factors of p?
3, 283
Suppose 269*v + 4*s - 7846 = 266*v, 3*v - 5*s - 7783 = 0. What are the prime factors of v?
2, 1303
Let w be 69/(-2)*(-2)/(-3). Let v be (-5)/(10/(-6)) + w. What are the prime factors of (v/(-6))/((-10)/(-435))?
5, 29
Suppose -621 = -2*o - 5*c, -4*o + 1230 = -c - c. Suppose -s = -t - 2*t - 231, -4*t + 3*s = o. Let x = -20 - t. What are the prime factors of x?
3, 19
Suppose 168 = -17*y - 4*y. Let r(t) = t**3 - 10 - 16*t + 10*t - 10 + 9*t**2. What are the prime factors of r(y)?
2, 23
Let t(x) = -38*x + 341. Let f be t(9). What are the prime factors of (-577)/((-1)/((5 - f) + -5))?
577
Suppose 2*j + 3*f = 53248, -444*j + f + 53248 = -442*j. What are the prime factors of j?
2, 13
What are the prime factors of 5222/(-1)*((-56)/16 + 1)?
5, 7, 373
Suppose 4*o - 4*q - 96390 = -6074, o + 3*q = 22563. List the prime factors of o.
3, 5, 7, 43
Let i(o) be the second derivative of 16*o**4 - o**3/6 - 3*o**2 + 4*o - 9. List the prime factors of i(-2).
2, 191
List the prime factors of 9/((-45)/(-52360)) + -2.
2, 3, 5, 349
Suppose -92*l - 216 = -100*l. Let m(j) = 50*j - 245. What are the prime factors of m(l)?
5, 13, 17
List the prime factors of ((-12)/(-192))/(4/(-16)) - (-251081)/4.
2, 5, 6277
Let i(b) = 0*b**2 - 642 - 2*b**3 + 611 + 8*b**2 - b**3 - 3*b. List the prime factors of i(-6).
13, 71
List the prime factors of (20/(-15))/((3/(-6))/((-3747)/(-2))).
2, 1249
Suppose -r + 2 + 12 = 3*z, 0 = -5*r - 5*z + 30. Let l be r + 2*-13 + 3/1. Let i = l + 24. List the prime factors of i.
3
Suppose -108 = -f - 5*t + 106, -f + 211 = 4*t. What are the prime factors of f?
199
Let q = 14379 - -2022. What are the prime factors of q?
3, 7, 11, 71
Let p = -33 + 36. Suppose 0 = r + p*r. Suppose 0 = 2*y + q - 157, 2*q - 10 + 4 = r. List the prime factors of y.
7, 11
Let y(b) = 2*b**2 + b - 90. Let r(k) = -k**2 - 1. Let d(q) = -3*r(q) - y(q). Suppose 10*u + 2*m = 11*u + 10, 3*u - m + 5 = 0. List the prime factors of d(u).
3, 31
Suppose -2*p = 2*p, -5*l = -5*p + 1325. Let x = l - -381. Suppose -s + 5*s = x. List the prime factors of s.
29
Let b(l) = -43*l + 1196. What are the prime factors of b(-28)?
2, 3, 5
Suppose 2*k + 46 = -3*l - 0*k, -5*l - 76 = 4*k. Let s(t) = -t + 4. Let c be s(l). Suppose 5*i - c = 0, 0 = 2*h - 2*i - 3*i - 390. List the prime factors of h.
5, 41
Let l(y) be the first derivative of y**5/60 - y**4/12 + 7*y**3/6 + 4*y**2 + 28. Let q(c) be the second derivative of l(c). What are the prime factors of q(14)?
5, 7
Let l(c) = -1021*c - 5. Let v be l(-1). Suppose 0 = y - 5*w - v, 1990 = 5*y - 3*y + 4*w. Suppose -6*n + 307 = -y. List the prime factors of n.
2, 109
Let p = 864 + -2349. Let o = p - -2364. List the prime factors of o.
3, 293
Let x = -6164 - -6655. What are the prime factors of x?
491
Let w = 2820 - 1367. List the prime factors of w.
1453
Let x = 98 + -93. Suppose x*k = -25, -k = -4*s - 2*k + 1159. Suppose -i - 4*h + 55 = 0, 5*i - s = 3*h - 85. What are the prime factors of i?
43
Let v(y) be the second derivative of 11*y - 3/2*y**2 + 0 - 1/3*y**4 + 4/3*y**3 + 1/5*y**5. List the prime factors of v(3).
3, 31
What are the prime factors of 30860/8*((-42)/7 + 8)?
5, 1543
Let w = 49511 + -16282. List the prime factors of w.
7, 47, 101
Let i(t) = 13893*t*